-2)/6609) a composite number?
False
Suppose -3*x = 110 - 116. Is 26631/15 + x + 2/(-5) composite?
False
Let m = -11 + 8. Let t = -1 - m. Suppose 2*k = 5*j + 5, 3*k - t*k = 5*j - 5. Is k prime?
False
Let k(u) = u**2 - 9*u + 49. Let i(a) = 15*a**2 - 2*a - 2. Let w be i(-1). Is k(w) a prime number?
True
Suppose -5*c + 1149 = 4*b, 0 = b - 4 + 3. Let h = c - -325. Is h a prime number?
False
Let v(i) = 23*i**2 - 9*i - 4. Let s(u) = 47*u**2 - 17*u - 9. Let q(o) = 6*s(o) - 11*v(o). Is q(-4) composite?
True
Suppose 0 = 3*a + u - 13119 - 6443, 5*u + 13047 = 2*a. Is a prime?
True
Suppose 18*i = 7*i + 71291. Is i prime?
True
Suppose 24 = 8*y + 8. Suppose 4*c - 1924 = y*q, c - 1908 = -3*c - 2*q. Is c composite?
False
Let n(q) = 53*q. Let v be n(1). Suppose 25*x + 90 = 10*x. Let c = v - x. Is c a composite number?
False
Let p = -134 - -196. Suppose 0*h = -h + p. Is h composite?
True
Suppose -2*t + 2082 = -2*r - 1982, -3*t = r + 2044. Let u = r - -3308. Is u a composite number?
True
Suppose 0 = -5*j + 3767 - 902. Is j a composite number?
True
Suppose 60*n = 58*n + 794. Suppose n - 4855 = -6*y. Is y prime?
True
Suppose 0 = -4*d - 2*d - 90. Is 2/(-10) + (-4668)/d prime?
True
Let v(a) = 5*a. Let f be v(-3). Let c be ((-5)/f)/((-2)/102). Let k(p) = -6*p - 5. Is k(c) a prime number?
True
Let a(x) = x**3 - 3*x**2 + 3*x - 1. Let t be a(3). Let j = -3 + t. Suppose j*p - 30 = 45. Is p a prime number?
False
Let u(r) be the third derivative of -149*r**4/24 - 4*r**3/3 + 29*r**2. Is u(-3) prime?
True
Let h be (6*8/(-12) - -1) + 231. Let i be (-11140)/(-25) + 4/10. Suppose -f = -d - h, f - 4*d - i = -f. Is f prime?
True
Let o = 172 - 104. Suppose 0 = -29*t + 23*t - 6. Let a = t + o. Is a prime?
True
Let b = -36 + 21. Let m be (-2)/(-3) + 32/(-3). Is 115/3 + m/b a composite number?
True
Let t(j) be the third derivative of 0 - 1/6*j**3 + 0*j**5 + 0*j**4 + 0*j + 5*j**2 + 7/30*j**6. Is t(2) a prime number?
True
Suppose -n = 26 + 9. Let k = n + 55. Let x = 45 - k. Is x prime?
False
Let x = 70 - 82. Let i = x - -67. Is i a composite number?
True
Suppose 3497 + 15147 = 4*h. Is h composite?
True
Let z = -67 + 38. Let p = z + 30. Is 1*p/((-4)/(-628)) prime?
True
Suppose s + 5 = 5*q - 7, 4 = 2*q. Is (-3 - s)*3 - -130 a composite number?
False
Let j = -15 + 18. Let k be (-9 + (6 - j))/(-1). Is (-242)/(-4) - k/4 a prime number?
True
Let i(j) = j**3 - j**2. Let l be i(3). Suppose l*p = 13*p + 360. Let q = 221 - p. Is q composite?
False
Suppose 17*c - b = 22*c - 50421, -40328 = -4*c - 3*b. Is c composite?
True
Suppose -14*y + 4*y = -150. Let f(u) be the first derivative of -u**4/4 + 17*u**3/3 - 21*u**2/2 + 14*u - 1. Is f(y) prime?
True
Is 24*211 + 10/2 a prime number?
False
Let q(m) = 1247*m - 127. Is q(4) a composite number?
False
Suppose 3*o - 4*j = -0*o - 811, -3*o + 3*j = 816. Let u = o + 438. Is u a composite number?
True
Suppose 6569 = 24*y - 13375. Is y composite?
True
Let w = -338 + 873. Let o = 792 + w. Is o a composite number?
False
Let j(v) be the first derivative of 29*v**3/3 - v**2 - 2*v - 3. Suppose -2*d - 12 = -5*d + t, 3*d = 4*t + 21. Is j(d) prime?
False
Let c(d) = -68*d - 1. Let h = 0 - 2. Let x = h + 1. Is c(x) prime?
True
Is (18/14 - 1) + 143875/35 prime?
True
Let k(p) = 5*p**2 + p + 5. Let r = 11 + 1. Let s be 1/(-4 - (-51)/r). Is k(s) a prime number?
True
Let o = 336 - -1867. Is o prime?
True
Is 1/((-1)/2)*446629/(-58) a prime number?
True
Suppose 9*n = -104 - 6826. Let k = n + 1635. Is k prime?
False
Suppose a = -r + 1270 + 4956, a + 3*r - 6220 = 0. Is a a composite number?
False
Suppose 20*w = 9740 - 760. Is w composite?
False
Let q be 4 + 4/4 + -3. Is (10 - 9)/(q/398) a prime number?
True
Let g(t) = t**2 - 3*t - 3. Let u be (-25)/(-3) + 10/(-30). Is g(u) composite?
False
Let p(u) = u**2 - 7*u + 6. Let w be p(7). Suppose -3*q - 15 = -w*q. Let a = 126 - q. Is a prime?
False
Is 4/(-6) + 0 + (-1652275)/(-87) a prime number?
False
Let n(t) = 373*t**2 + 386*t - 7. Is n(-8) prime?
False
Let h(l) = -9793*l**3 + l + 1. Let p be h(-1). Is (-22)/11 - -1*p a composite number?
False
Suppose -3*q + 2*x = -11337, -3*q = 4*x - 10054 - 1283. Is q prime?
True
Let x(z) = -z**2 + 13*z + 6. Let g be x(13). Suppose -3*l - 2620 = -5*w, -l = -w - g*l + 496. Is w composite?
False
Let s(c) = 4*c**2 - 4*c - 35. Let p(v) = -v**2 - v + 1. Let j be p(-4). Is s(j) a prime number?
False
Let z(d) = -2*d**3 + 4*d**2 + 45*d - 15. Is z(-6) a prime number?
False
Let j(d) = -2*d - 30. Let z be j(-12). Is z/(120/(-8972)) + 4/10 a composite number?
False
Let w = -35 - -38. Is ((-15)/6 + w)*3106 prime?
True
Suppose -2*x + 2 = 4*u - 10, -10 = 2*u - 3*x. Let d(c) = 292*c**3 + 2*c**2 - 3*c + 2. Is d(u) a composite number?
False
Suppose 331432 = 73*x - 5*x. Is x composite?
True
Let d be -3 + 8 + -3 - 10. Let v be (-2250)/d - (-1)/(-4). Suppose 2*p - v = -5*o - 2, 2*p = -o + 59. Is o a prime number?
False
Suppose 0 = -3*m + 3*d + 192 + 132, 4*d = m - 117. Let p = -16 - 36. Let k = m + p. Is k prime?
True
Suppose -5*h - 3*s + 2*s = -523, s + 101 = h. Let y(j) = j + 7. Let q be y(-4). Suppose q*o - 1091 = -h. Is o prime?
False
Suppose -3*s = s - 8. Suppose 0 = -7*l + s*l + 15. Suppose l*x = -103 + 496. Is x composite?
False
Is (3790*(0 + 6/12))/1 a prime number?
False
Suppose 5*q - 14 = -9. Let t be q/(-4 - 4214/(-1054)). Let n = -326 - t. Is n a composite number?
True
Suppose -4*w + 24808 = 4*n - 0*n, -2*n - 5*w + 12419 = 0. Is n a composite number?
False
Let x(s) = -264*s + 59. Is x(-13) a composite number?
False
Suppose -23 = -4*g - 0*g + 3*u, 0 = g + 3*u - 2. Suppose 10835 = g*i - 2400. Is i prime?
True
Let a = -32 + 35. Suppose 0 = -a*b - 2*m + 756 + 911, -2*b + 1124 = -5*m. Is b prime?
True
Let b(c) = -21*c**3 - c**2 + 1. Let n be b(1). Let k = -28 + n. Let z = -27 - k. Is z a prime number?
False
Is 1428828/60 + (-16)/(-20)*-1 a composite number?
False
Suppose -7*z + 65276 + 489 = 0. Is z a composite number?
True
Suppose 4*r - 3*r = 4. Suppose -r*p - 4*y = -756, y = 5*p - 2*y - 961. Is (6 + -4)/(2/p) composite?
False
Let g = 7171 + -10299. Let p = 4489 + g. Is p prime?
True
Let q = -4 + 5. Suppose -4*o + 4*a - 3 - q = 0, 2*a - 20 = -4*o. Suppose o*z + 598 = 2*g + z, 4*g = -5*z + 1160. Is g a prime number?
False
Is (-82)/4*(-3)/(6/44) a composite number?
True
Suppose 168*v - 173*v = -14705. Is v composite?
True
Let d(h) = -3*h**3 + 2*h**2 + 4*h + 2. Let r(c) = -3*c**3 + c + 5*c**3 - 3*c**3. Let x(z) = d(z) + r(z). Is x(-3) a prime number?
True
Is 1/((25/(-23095))/(-5)) composite?
True
Is (1 - 2)/((-14)/121254) a composite number?
True
Let z = -8716 + 12315. Is z a prime number?
False
Let q be (-3)/(1 - 144/145). Suppose 5*x - 4040 = -0*x. Let s = x + q. Is s composite?
False
Let l(g) = g**2 - 6*g + 6. Let x be l(-5). Let p = x + 238. Suppose -4*z = -17 - p. Is z a composite number?
False
Suppose -9 = 3*n, 0 = 2*f - 4*n - 938 - 1376. Is f composite?
False
Let c(s) = 90*s - 43. Let m(o) = -o**2 + 9*o - 1. Let v be m(8). Is c(v) composite?
False
Let x = -17 - -17. Let v be -1 - 0 - (0 + x). Let p(k) = -161*k**3 + k**2 + 2*k + 1. Is p(v) composite?
True
Let f = -282 - -406. Let l = f - -154. Suppose -20 - l = -z. Is z composite?
True
Let b(u) = 5*u**2 + 0*u**2 + 11*u + 3 - 3*u + 0*u**2. Let a(x) = -6*x**2 - 8*x - 3. Let t(c) = 4*a(c) + 5*b(c). Is t(6) a prime number?
False
Suppose 5*k = g + 2*k + 213, -1150 = 5*g + 2*k. Suppose -6*z = -2062 - 272. Let p = g + z. Is p a composite number?
True
Suppose n - 3*b = 5984, 10*n = 13*n + 2*b - 17941. Is n prime?
True
Let q(z) = -3*z - 5. Let f be q(-3). Suppose -f*h + 4 = -0*h. Suppose 4*v - 856 = 3*o, o + h + 3 = 0. Is v prime?
True
Suppose 3*x = -4*m - 38, -x + 5*x - 3*m = -59. Let y(f) = f + 18. Let v be y(x). Is (10/15)/(v/678) composite?
False
Let n = -45438 + 97189. Is n a composite number?
True
Let q(t) = -1922*t**3 - 4*t**2 - 3*t. Is q(-1) a prime number?
False
Is ((-16)/((-96)/(-772182)))/(-3) a composite number?
False
Let f be 1*10*2/5. Let r be (-10)/f*(-12)/5. Is ((-159)/r)/(2/(-4)) a composite number?
False
Let z(v) be the second derivative of -v**7/840 - v**6/90 + v**5/40 + v**4/6 + v**3/6 - 2*v. Let u(a) be the second derivative of z(a). Is u(-5) composite?
True
Suppose 0 = 5*i + 4*s - 2, -5*i - 2*s = -4*i - 4. Is (-669 + -2)*i/2 composite?
True
